s digit of 167979?
7
What is the hundred thousands digit of 3315730?
3
What is the ten thousands digit of 571822?
7
What is the ten thousands digit of 199746?
9
What is the hundred thousands digit of 2356632?
3
What is the ten thousands digit of 2017039?
1
What is the thousands digit of 3948006?
8
What is the thousands digit of 2883774?
3
What is the tens digit of 11558?
5
What is the ten thousands digit of 12779?
1
What is the millions digit of 13614189?
3
What is the hundreds digit of 7077034?
0
What is the hundred thousands digit of 23845828?
8
What is the ten thousands digit of 585210?
8
What is the thousands digit of 16034647?
4
What is the tens digit of 1018879?
7
What is the hundred thousands digit of 413960?
4
What is the units digit of 312965?
5
What is the ten thousands digit of 305682?
0
What is the ten thousands digit of 957131?
5
What is the tens digit of 3732089?
8
What is the hundred thousands digit of 130507?
1
What is the thousands digit of 711765?
1
What is the tens digit of 1592168?
6
What is the thousands digit of 529100?
9
What is the ten thousands digit of 54714?
5
What is the hundred thousands digit of 1429265?
4
What is the millions digit of 14977832?
4
What is the hundreds digit of 616643?
6
What is the ten thousands digit of 106776?
0
What is the hundreds digit of 13193865?
8
What is the hundreds digit of 525140?
1
What is the millions digit of 4468886?
4
What is the hundreds digit of 120372?
3
What is the hundred thousands digit of 440806?
4
What is the ten thousands digit of 4812225?
1
What is the hundreds digit of 203002?
0
What is the thousands digit of 22499241?
9
What is the ten thousands digit of 148821?
4
What is the ten thousands digit of 4565877?
6
What is the ten thousands digit of 4314323?
1
What is the units digit of 485320?
0
What is the hundred thousands digit of 4388899?
3
What is the millions digit of 2023538?
2
What is the thousands digit of 6142668?
2
What is the ten thousands digit of 1118188?
1
What is the ten thousands digit of 2525389?
2
What is the hundreds digit of 458365?
3
What is the hundreds digit of 36554148?
1
What is the thousands digit of 197107?
7
What is the thousands digit of 25133?
5
What is the millions digit of 2425315?
2
What is the hundreds digit of 2840508?
5
What is the tens digit of 725841?
4
What is the thousands digit of 316562?
6
What is the units digit of 6416676?
6
What is the tens digit of 6853255?
5
What is the units digit of 218199?
9
What is the tens digit of 483803?
0
What is the hundred thousands digit of 176359?
1
What is the units digit of 695321?
1
What is the thousands digit of 282089?
2
What is the tens digit of 3109780?
8
What is the thousands digit of 12092896?
2
What is the hundred thousands digit of 791497?
7
What is the units digit of 42581?
1
What is the millions digit of 21908965?
1
What is the hundreds digit of 1141308?
3
What is the thousands digit of 554524?
4
What is the thousands digit of 55523?
5
What is the ten thousands digit of 65369?
6
What is the hundreds digit of 10534?
5
What is the millions digit of 5963608?
5
What is the thousands digit of 286747?
6
What is the hundreds digit of 6307266?
2
What is the tens digit of 17442809?
0
What is the units digit of 7071941?
1
What is the units digit of 682831?
1
What is the hundreds digit of 1474606?
6
What is the tens digit of 69775?
7
What is the hundreds digit of 9781242?
2
What is the units digit of 124437?
7
What is the hundreds digit of 5622684?
6
What is the hundreds digit of 25604?
6
What is the thousands digit of 227736?
7
What is the tens digit of 60400?
0
What is the ten thousands digit of 584790?
8
What is the hundreds digit of 218907?
9
What is the hundred thousands digit of 1290836?
2
What is the ten thousands digit of 1404982?
0
What is the ten thousands digit of 224857?
2
What is the thousands digit of 121443?
1
What is the tens digit of 7571166?
6
What is the tens digit of 17608917?
1
What is the hundred thousands digit of 5934151?
9
What is the tens digit of 6082297?
9
What is the hundred thousands digit of 200119?
2
What is the hundred thousands digit of 14901671?
9
What is the millions digit of 2699352?
2
What is the hundred thousands digit of 689324?
6
What is the hundred thousands digit of 987803?
9
What is the hundred thousands digit of 226035?
2
What is the units digit of 27105?
5
What is the ten thousands digit of 133077?
3
What is the hundreds digit of 7955376?
3
What is the units digit of 255461?
1
What is the hundreds digit of 5439785?
7
What is the units digit of 11651886?
6
What is the tens digit of 13186369?
6
What is the units digit of 4457533?
3
What is the hundred thousands digit of 184692?
1
What is the hundred thousands digit of 383685?
3
What is the thousands digit of 1328510?
8
What is the units digit of 4104259?
9
What is the ten thousands digit of 3138676?
3
What is the thousands digit of 11683410?
3
What is the thousands digit of 18441925?
1
What is the millions digit of 20046684?
0
What is the ten thousands digit of 14535955?
3
What is the thousands digit of 1140568?
0
What is the units digit of 6347052?
2
What is the tens digit of 1686855?
5
What is the tens digit of 456079?
7
What is the hundreds digit of 6872989?
9
What is the tens digit of 31346345?
4
What is the thousands digit of 27658?
7
What is the hundred thousands digit of 119792?
1
What is the hundreds digit of 397387?
3
What is the hundred thousands digit of 2735964?
7
What is the units digit of 592745?
5
What is the units digit of 503872?
2
What is the tens digit of 728904?
0
What is the hundred thousands digit of 6384839?
3
What is the hundred thousands digit of 413258?
4
What is the hundred thousands digit of 26943422?
9
What is the hundreds digit of 427431?
4
What is the ten thousands digit of 2355865?
5
What is the tens digit of 2572809?
0
What is the tens digit of 74404?
0
What is the hundreds digit of 184631?
6
What is the ten thousands digit of 263924?
6
What is the units digit of 375102?
2
What is the tens digit of 4912023?
2
What is the hundred thousands digit of 10039834?
0
What is the ten thousands digit of 229271?
2
What is the hundred thousands digit of 500707?
5
What is the hundreds digit of 439073?
0
What is the hundreds digit of 30563?
5
What is the thousands digit of 30011?
0
What is the ten thousands digit of 7337695?
3
What is the ten thousands digit of 279738?
7
What is the units digit of 854638?
8
What is the ten thousands digit of 755151?
5
What is the ten thousands digit of 309431?
0
What is the thousands digit of 3159532?
9
What is the hundreds digit of 281719?
7
What is the hundred thousands digit of 8509540?
5
What is the millions digit of 1489881?
1
What is the hundred thousands digit of 215505?
2
What is the hundreds digit of 715994?
9
What is the ten thousands digit of 227817?
2
What is the thousands digit of 919654?
9
What is the hundred thousands digit of 502092?
5
What is the units digit of 9436705?
5
What is the thousands digit of 10612423?
2
What is the ten thousands digit of 384396?
8
What is the ten thousands digit of 230330?
3
What is the millions digit of 1210970?
1
What is the units digit of 15395707?
7
What is the tens digit of 646889?
8
What is the hundred thousands digit of 358193?
3
What is the ten thousands digit of 532134?
3
What is the hundred thousands digit of 422907?
4
What is the hundreds digit of 164945?
9
What is the tens digit of 242562?
6
What is the hundred thousands digit of 4847923?
8
What is the tens digit of 1900?
0
What is the hundred thousands digit of 169489?
1
What is the hundreds digit of 1768549?
5
What is the thousands digit of 8138785?
8
What is the hundreds digit of 9078426?
4
What is the ten thousands digit of 217337?
1
What is the tens digit of 1544448?
4
What is the tens digit of 8551?
5
What is the hundreds digit of 8894649?
6
What is the ten thousands digit of 8638515?
3
What is the millions digit of 4486500?
4
What is the tens digit of 17359430?
3
What is the millions digit of 7330901?
7
What is the millions digit of 1839141?
1
What is the thousands digit of 1393423?
3
What is the thousands digit of 11089669?
9
What is the units digit of 37593?
3
What is the ten thousands digit of 1529220?
2
What is the units digit of